{"id":552,"date":"2015-02-20T23:25:37","date_gmt":"2015-02-20T22:25:37","guid":{"rendered":"http:\/\/www.edition-rugerup.de\/?post_type=product&#038;p=552"},"modified":"2017-03-13T11:01:19","modified_gmt":"2017-03-13T10:01:19","slug":"eisenbahnzuege-3","status":"publish","type":"product","link":"https:\/\/www.edition-rugerup.de\/?product=eisenbahnzuege-3","title":{"rendered":"Eisenbahnz\u00fcge"},"content":{"rendered":"<p>Eisenbahnz\u00fcge erz\u00e4hlt \u00fcber den Mythos und die Realit\u00e4t des Zweiten Weltkriegs aus der ungew\u00f6hnlichen Perspektive dreier Eisenbahn-Geschehnisse: Ein junger Mann entdeckt im Haus seines Gro\u00dfvaters eine riesige Holocaust-Modellbahnanlage Ma\u00dfstab N. Ein ukrainischer Junge schlie\u00dft Freundschaft mit einem deutschen Eisenbahn-Soldaten w\u00e4hrend des Russland-Feldzuges. Ein ungarisch-j\u00fcdisches M\u00e4dchen wird 1944 mit ihrer Mutter auf einem Zugtransport an den dunkelsten Ort der deutschen Geschichte deportiert. Und alle drei Handlungsstr\u00e4nge f\u00fcgen sich schlie\u00dflich zusammen zu einer Geschichte aus Schuld, Ohnmacht und Hoffnung.<\/p>\n<p>Vakho schlief ein. Als er erwachte, fuhr sein Zug durch riesige Felder. Vakho a\u00df sein letztes Brot. Sein Durst wurde unertr\u00e4glich. Nach einer Weile sah er ein Melonenfeld. Er musste es wagen. An einer Stelle, die sehr dicht mit Gras und Gestr\u00fcpp bewachsen war, sprang er ab. Sobald seine F\u00fc\u00dfe den Boden ber\u00fchrten, rollte er sich ab. Es ging gut. Er hatte nur einige Schrammen an Knien und Ellbogen. Er a\u00df saftige Melonen. Nie hatten Melonen so herrlich geschmeckt. Als h\u00e4tte sich in diesen roten, w\u00e4ssrigen Fr\u00fcchten alles Gl\u00fcck der Erde verdichtet. Er schlief ein inmitten der Melonen.<br \/>\nAm n\u00e4chsten Tag sprang er wieder auf einen Zug. Er war nun ein Schienenjunge.<\/p>\n","protected":false},"excerpt":{"rendered":"<p id=\"price-and-shipping-details\">inkl. MwSt., zzgl. Versandkosten (Inland-Versandkosten = 0,00 \u20ac)<\/p>\n<p id=\"price-and-shipping-details\">Lieferzeit: 3-5 Werktage<\/p>\n<p>Thomas Josef Wehlim<\/p>\n<p>Roman<br \/>\n224 Seiten<\/p>\n","protected":false},"featured_media":553,"comment_status":"closed","ping_status":"closed","template":"","meta":[],"product_brand":[],"product_cat":[35],"product_tag":[191,335,192],"class_list":{"0":"post-552","1":"product","2":"type-product","3":"status-publish","4":"has-post-thumbnail","6":"product_cat-romane-prosa","7":"product_tag-holocaust","8":"product_tag-wehlim","9":"product_tag-zweiter-weltkrieg","10":"pa_autor-wehlim-thomas-josef","11":"pa_autorin-thomas-josef-wehlim-geb-1966-in-witten-d-vater-deutscher-mutter-englaenderin-kindheit-und-jugend-im-rheinland-studium-in-mainz-seit-1996-wohnhaft-in-leipzig-prosa-lyrik-theaterstuecke-ver","12":"pa_erscheinungsjahr-204","13":"pa_isbn-978-3-942955-50-8","14":"pa_seiten-206","16":"first","17":"instock","18":"shipping-taxable","19":"purchasable","20":"product-type-simple"},"_links":{"self":[{"href":"https:\/\/www.edition-rugerup.de\/index.php?rest_route=\/wp\/v2\/product\/552","targetHints":{"allow":["GET"]}}],"collection":[{"href":"https:\/\/www.edition-rugerup.de\/index.php?rest_route=\/wp\/v2\/product"}],"about":[{"href":"https:\/\/www.edition-rugerup.de\/index.php?rest_route=\/wp\/v2\/types\/product"}],"replies":[{"embeddable":true,"href":"https:\/\/www.edition-rugerup.de\/index.php?rest_route=%2Fwp%2Fv2%2Fcomments&post=552"}],"wp:featuredmedia":[{"embeddable":true,"href":"https:\/\/www.edition-rugerup.de\/index.php?rest_route=\/wp\/v2\/media\/553"}],"wp:attachment":[{"href":"https:\/\/www.edition-rugerup.de\/index.php?rest_route=%2Fwp%2Fv2%2Fmedia&parent=552"}],"wp:term":[{"taxonomy":"product_brand","embeddable":true,"href":"https:\/\/www.edition-rugerup.de\/index.php?rest_route=%2Fwp%2Fv2%2Fproduct_brand&post=552"},{"taxonomy":"product_cat","embeddable":true,"href":"https:\/\/www.edition-rugerup.de\/index.php?rest_route=%2Fwp%2Fv2%2Fproduct_cat&post=552"},{"taxonomy":"product_tag","embeddable":true,"href":"https:\/\/www.edition-rugerup.de\/index.php?rest_route=%2Fwp%2Fv2%2Fproduct_tag&post=552"}],"curies":[{"name":"wp","href":"https:\/\/api.w.org\/{rel}","templated":true}]}}

Eisenbahnzüge

<p>Eisenbahnzüge erzählt über den Mythos und die Realität des Zweiten Weltkriegs aus der ungewöhnlichen Perspektive dreier Eisenbahn-Geschehnisse: Ein junger Mann entdeckt im Haus seines Großvaters eine riesige Holocaust-Modellbahnanlage Maßstab N. Ein ukrainischer Junge schließt Freundschaft mit einem deutschen Eisenbahn-Soldaten während des Russland-Feldzuges. Ein ungarisch-jüdisches Mädchen wird 1944 mit ihrer Mutter auf einem Zugtransport an den dunkelsten Ort der deutschen Geschichte deportiert. Und alle drei Handlungsstränge fügen sich schließlich zusammen zu einer Geschichte aus Schuld, Ohnmacht und Hoffnung.</p>
<p>Vakho schlief ein. Als er erwachte, fuhr sein Zug durch riesige Felder. Vakho aß sein letztes Brot. Sein Durst wurde unerträglich. Nach einer Weile sah er ein Melonenfeld. Er musste es wagen. An einer Stelle, die sehr dicht mit Gras und Gestrüpp bewachsen war, sprang er ab. Sobald seine Füße den Boden berührten, rollte er sich ab. Es ging gut. Er hatte nur einige Schrammen an Knien und Ellbogen. Er aß saftige Melonen. Nie hatten Melonen so herrlich geschmeckt. Als hätte sich in diesen roten, wässrigen Früchten alles Glück der Erde verdichtet. Er schlief ein inmitten der Melonen.<br />
Am nächsten Tag sprang er wieder auf einen Zug. Er war nun ein Schienenjunge.</p>
