{"id":548,"date":"2015-02-20T22:51:18","date_gmt":"2015-02-20T21:51:18","guid":{"rendered":"http:\/\/www.edition-rugerup.de\/?post_type=product&#038;p=548"},"modified":"2022-11-25T06:38:23","modified_gmt":"2022-11-25T05:38:23","slug":"mein-leben-war-traum","status":"publish","type":"product","link":"https:\/\/www.edition-rugerup.de\/?product=mein-leben-war-traum","title":{"rendered":"Mein Leben war Traum"},"content":{"rendered":"<div class=\"einzeltextbox\" style=\"text-align: justify;\">Ausz\u00fcge:<\/div>\n<div class=\"resourcebox\">\n<p style=\"text-align: justify;\">Nichts f\u00e4llt so herzlich wie Schnee von einem Dach. Der Stein f\u00e4llt auch, aber im Zweifel&#8230; Die meisten Worte fallen \u00fcberhaupt nicht, sie zergehen wie Rauch, aber manche bei\u00dfen in der Nase.<\/p>\n<p style=\"text-align: justify;\">Mein Leben war Traum; zu leben, daran dachte ich nicht. Heute sind alle damit besch\u00e4ftigt zu leben. Zu leben \u2013 oder wie sie leben sollten, zu tr\u00e4umen gilt ihnen als schlechtes Zeichen. Darum haben sie das Leben und die Welt ruiniert.<\/p>\n<p style=\"text-align: justify;\">Der Rhythmus ist ein Flu\u00df. Du kannst mit dem Boot absto\u00dfen und dich von der Str\u00f6mung treiben lassen. Ohne Rhythmus dichten zu wollen ist wie eine Segeltour in einem trockenen Flu\u00dfbett.<\/p>\n<p style=\"text-align: justify;\">Der Adler war der Dichtervogel. Ein wirklicher S\u00e4nger war einer erst, wenn er Adlerfl\u00fcgel hatte. Von Adlerfl\u00fcgeln ist heute keine Rede mehr. Die heutigen Dichter sind zu einer Schar Drosseln geworden, die den Leuten auf den Kopf schei\u00dfen.<\/p>\n<p style=\"text-align: justify;\">Eins mu\u00df dir klar sein: Wenn eine Richtung zum Schulfach wird, ist sie im Grunde schon tot. Die echten Dichter sprengen alle Theorien!<\/p>\n<\/div>\n","protected":false},"excerpt":{"rendered":"<p id=\"price-and-shipping-details\">inkl. MwSt., zzgl. Versandkosten (Inland-Versandkosten = 0,00 \u20ac)<\/p>\n<p id=\"price-and-shipping-details\">Das Buch ist derzeit vergriffen. Eine Neuauflage ist geplant, der Termin steht aber noch nicht fest.<\/p>\n<p>Olav H. Hauge<\/p>\n<p>Aus den Tageb\u00fcchern 1924-1994. Hg., \u00fcbersetzt und kommentiert von Klaus Anders.<\/p>\n<p>248 Seiten, Englische Klappenbroschur<\/p>\n","protected":false},"featured_media":549,"comment_status":"closed","ping_status":"closed","template":"","meta":[],"product_brand":[],"product_cat":[56],"product_tag":[346],"class_list":{"0":"post-548","1":"product","2":"type-product","3":"status-publish","4":"has-post-thumbnail","6":"product_cat-norwegische-lyrik","7":"product_tag-hauge","8":"pa_autor-hauge-olav-h","9":"pa_autorin-olav-h-hauge-1908-1994-gilt-heute-unbestritten-als-einer-der-bedeutendsten-norwegischen-dichter-der-zweiten-haelfte-des-20-jahrhunderts-er-wurde-in-ulvik-geboren-einer-kleinen-gemeinde-am-hardan","10":"pa_erscheinungsjahr-204","11":"pa_herausgeber-anders-klaus","12":"pa_isbn-978-942955-43-0","13":"pa_uebersetzer-anders-klaus","15":"first","16":"outofstock","17":"shipping-taxable","18":"purchasable","19":"product-type-simple"},"_links":{"self":[{"href":"https:\/\/www.edition-rugerup.de\/index.php?rest_route=\/wp\/v2\/product\/548","targetHints":{"allow":["GET"]}}],"collection":[{"href":"https:\/\/www.edition-rugerup.de\/index.php?rest_route=\/wp\/v2\/product"}],"about":[{"href":"https:\/\/www.edition-rugerup.de\/index.php?rest_route=\/wp\/v2\/types\/product"}],"replies":[{"embeddable":true,"href":"https:\/\/www.edition-rugerup.de\/index.php?rest_route=%2Fwp%2Fv2%2Fcomments&post=548"}],"wp:featuredmedia":[{"embeddable":true,"href":"https:\/\/www.edition-rugerup.de\/index.php?rest_route=\/wp\/v2\/media\/549"}],"wp:attachment":[{"href":"https:\/\/www.edition-rugerup.de\/index.php?rest_route=%2Fwp%2Fv2%2Fmedia&parent=548"}],"wp:term":[{"taxonomy":"product_brand","embeddable":true,"href":"https:\/\/www.edition-rugerup.de\/index.php?rest_route=%2Fwp%2Fv2%2Fproduct_brand&post=548"},{"taxonomy":"product_cat","embeddable":true,"href":"https:\/\/www.edition-rugerup.de\/index.php?rest_route=%2Fwp%2Fv2%2Fproduct_cat&post=548"},{"taxonomy":"product_tag","embeddable":true,"href":"https:\/\/www.edition-rugerup.de\/index.php?rest_route=%2Fwp%2Fv2%2Fproduct_tag&post=548"}],"curies":[{"name":"wp","href":"https:\/\/api.w.org\/{rel}","templated":true}]}}

<div class="einzeltextbox" style="text-align: justify;">Auszüge:</div>
<div class="resourcebox">
<p style="text-align: justify;">Nichts fällt so herzlich wie Schnee von einem Dach. Der Stein fällt auch, aber im Zweifel&#8230; Die meisten Worte fallen überhaupt nicht, sie zergehen wie Rauch, aber manche beißen in der Nase.</p>
<p style="text-align: justify;">Mein Leben war Traum; zu leben, daran dachte ich nicht. Heute sind alle damit beschäftigt zu leben. Zu leben – oder wie sie leben sollten, zu träumen gilt ihnen als schlechtes Zeichen. Darum haben sie das Leben und die Welt ruiniert.</p>
<p style="text-align: justify;">Der Rhythmus ist ein Fluß. Du kannst mit dem Boot abstoßen und dich von der Strömung treiben lassen. Ohne Rhythmus dichten zu wollen ist wie eine Segeltour in einem trockenen Flußbett.</p>
<p style="text-align: justify;">Der Adler war der Dichtervogel. Ein wirklicher Sänger war einer erst, wenn er Adlerflügel hatte. Von Adlerflügeln ist heute keine Rede mehr. Die heutigen Dichter sind zu einer Schar Drosseln geworden, die den Leuten auf den Kopf scheißen.</p>
<p style="text-align: justify;">Eins muß dir klar sein: Wenn eine Richtung zum Schulfach wird, ist sie im Grunde schon tot. Die echten Dichter sprengen alle Theorien!</p>
</div>

<p id="price-and-shipping-details">inkl. MwSt., zzgl. Versandkosten (Inland-Versandkosten = 0,00 €)</p>
<p id="price-and-shipping-details">Das Buch ist derzeit vergriffen. Eine Neuauflage ist geplant, der Termin steht aber noch nicht fest.</p>
<p>Olav H. Hauge</p>
<p>Aus den Tagebüchern 1924-1994. Hg., übersetzt und kommentiert von Klaus Anders.</p>
<p>248 Seiten, Englische Klappenbroschur</p>
