{"id":287,"date":"2013-09-03T14:21:50","date_gmt":"2013-09-03T12:21:50","guid":{"rendered":"http:\/\/www.edition-rugerup.de\/?post_type=product&#038;p=287"},"modified":"2020-11-21T02:28:56","modified_gmt":"2020-11-21T01:28:56","slug":"reglose-hirsche","status":"publish","type":"product","link":"https:\/\/www.edition-rugerup.de\/?product=reglose-hirsche","title":{"rendered":"Reglose Hirsche (vergriffen)"},"content":{"rendered":"<p style=\"text-align: justify;\">Die Pappel entl\u00e4sst ihre Flocken, tropfenschwerer Tau, ein K\u00fcgelchen Fl\u00fcssigkeit im Leib des Falters und das Wort, das durch die Steppe streift \u2013 mit Arsenij Tarkowskijs Poesie schlagen wir das Buch der ewigen Wunder auf und treten ein in den &#8222;wei\u00dfen, wei\u00dfen Tag&#8220;. Traum und Wirklichkeit, Sinn, Vergeblichkeit und das Ewige, die Erinnerung an die Kindheit und an eine geheime Liebe, an &#8222;Jene, die er z\u00e4rtlich und ungl\u00fccklich liebte&#8220; \u2013 das sind Themen der philosophischen Gedankenlyrik des bedeutenden russischen Dichters Arsenij Tarkowskij (1907-1989). Weltweite Bekanntheit erlangte er durch die Filme seines Sohnes, des russischen Filmregisseurs Andrej Tarkowskij, der in seinen Filmen einzelne Gedichte zitiert. In der Edition Rugerup erscheint erstmals eine zweisprachige Auswahl aus dem umfangreichen Werk in neuer \u00dcbertragung.<\/p>\n","protected":false},"excerpt":{"rendered":"<p id=\"price-and-shipping-details\">inkl. MwSt., zzgl. Versandkosten (Inland-Versandkosten = 0,00 \u20ac)<\/p>\n<p id=\"price-and-shipping-details\">Derzeit leider vergriffen<\/p>\n<p>Arsenij Tarkowskij<\/p>\n<p>Ausgew\u00e4hlte Gedichte<br \/>\nzweisprachig<br \/>\nAus dem Russischen von Martina Jakobson<\/p>\n<p>160 Seiten<br \/>\nEnglische Klappenbroschur<\/p>\n","protected":false},"featured_media":288,"comment_status":"closed","ping_status":"closed","template":"","meta":[],"product_brand":[],"product_cat":[14,332,90,92],"product_tag":[],"class_list":{"0":"post-287","1":"product","2":"type-product","3":"status-publish","4":"has-post-thumbnail","6":"product_cat-internationale-lyrik","7":"product_cat-lyrik","8":"product_cat-osteuropaische-lyrik","9":"product_cat-russische-lyrik-osteuropaische-lyrik","10":"pa_autor-tarkowskij-arsenij","11":"pa_erscheinungsjahr-60","12":"pa_info-uebersetzer-martina-jakobson-geb-mrochen-aufgewachsen-als-tochter-deutscher-und-russischer-eltern-in-berlin-und-moskau-sie-lebt-seit-2010-im-dreilaendereck-schweiz-frankreich-und-deutschland-in-kandern-sued","13":"pa_isbn-978-942955-40-9","14":"pa_uebersetzer-jakobson-martina","16":"first","17":"outofstock","18":"shipping-taxable","19":"purchasable","20":"product-type-simple"},"_links":{"self":[{"href":"https:\/\/www.edition-rugerup.de\/index.php?rest_route=\/wp\/v2\/product\/287","targetHints":{"allow":["GET"]}}],"collection":[{"href":"https:\/\/www.edition-rugerup.de\/index.php?rest_route=\/wp\/v2\/product"}],"about":[{"href":"https:\/\/www.edition-rugerup.de\/index.php?rest_route=\/wp\/v2\/types\/product"}],"replies":[{"embeddable":true,"href":"https:\/\/www.edition-rugerup.de\/index.php?rest_route=%2Fwp%2Fv2%2Fcomments&post=287"}],"wp:featuredmedia":[{"embeddable":true,"href":"https:\/\/www.edition-rugerup.de\/index.php?rest_route=\/wp\/v2\/media\/288"}],"wp:attachment":[{"href":"https:\/\/www.edition-rugerup.de\/index.php?rest_route=%2Fwp%2Fv2%2Fmedia&parent=287"}],"wp:term":[{"taxonomy":"product_brand","embeddable":true,"href":"https:\/\/www.edition-rugerup.de\/index.php?rest_route=%2Fwp%2Fv2%2Fproduct_brand&post=287"},{"taxonomy":"product_cat","embeddable":true,"href":"https:\/\/www.edition-rugerup.de\/index.php?rest_route=%2Fwp%2Fv2%2Fproduct_cat&post=287"},{"taxonomy":"product_tag","embeddable":true,"href":"https:\/\/www.edition-rugerup.de\/index.php?rest_route=%2Fwp%2Fv2%2Fproduct_tag&post=287"}],"curies":[{"name":"wp","href":"https:\/\/api.w.org\/{rel}","templated":true}]}}