{"id":261,"date":"2013-09-03T11:28:38","date_gmt":"2013-09-03T09:28:38","guid":{"rendered":"http:\/\/www.edition-rugerup.de\/?post_type=product&#038;p=261"},"modified":"2023-04-06T16:46:07","modified_gmt":"2023-04-06T14:46:07","slug":"heilige-kuhe","status":"publish","type":"product","link":"https:\/\/www.edition-rugerup.de\/?product=heilige-kuhe","title":{"rendered":"Heilige K\u00fche"},"content":{"rendered":"<p>Wer h\u00e4tte gedacht, dass es heute noch solche Gedichte \u00fcber K\u00fche gibt, da\u00df es sogar Gedichte aus der Perspektive von K\u00fchen geben k\u00f6nnte? Les Murray f\u00fchrt uns in seiner gro\u00dfartigen Natur- und Gedankenlyrik vor Augen, wie unsere Kultur und ihre Geschichte aufs engste mit der Haltung von Rindern zusammenh\u00e4ngt. Wer glaubte, Bukolik sei langweilig oder altmodisch, kann sich in diesem illustrierten Band eines besseren belehren lassen. Abgebildet ist das Titelschildchen, das den Leineneinband ziert.<br \/>\nLimitierte Auflage in Zusammenarbeit mit dem <a href=\"http:\/\/www.verlag-thomas-reche.de\/\" target=\"_blank\" rel=\"noopener noreferrer\">Verlag Thomas Reche<\/a> in Neumarkt, zum Teil signiert.<\/p>\n","protected":false},"excerpt":{"rendered":"<p id=\"price-and-shipping-details\">inkl. MwSt., zzgl. Versandkosten (Inland-Versandkosten = 0,00 \u20ac)<\/p>\n<p id=\"price-and-shipping-details\">Derzeit leider vergriffen<\/p>\n<p>Les Murray<\/p>\n<p>Ausgew\u00e4hlte Gedichte<br \/>\nAus dem Englischen von Margitt Lehbert<br \/>\nIllustriert von Johannes Beyerle<\/p>\n<p>65 Seiten<br \/>\nLeinenband<\/p>\n<p>Limitierte Auflage<\/p>\n","protected":false},"featured_media":304,"comment_status":"closed","ping_status":"closed","template":"","meta":[],"product_brand":[],"product_cat":[54,116,14,332],"product_tag":[],"class_list":{"0":"post-261","1":"product","2":"type-product","3":"status-publish","4":"has-post-thumbnail","6":"product_cat-angelsachsische-lyrik","7":"product_cat-australische-lyrik","8":"product_cat-internationale-lyrik","9":"product_cat-lyrik","10":"pa_autor-murray-les","11":"pa_erscheinungsjahr-162","12":"pa_isbn-978-91-89034-14-3","13":"pa_uebersetzer-lehbert-margitt","15":"first","16":"outofstock","17":"shipping-taxable","18":"purchasable","19":"product-type-simple"},"_links":{"self":[{"href":"https:\/\/www.edition-rugerup.de\/index.php?rest_route=\/wp\/v2\/product\/261","targetHints":{"allow":["GET"]}}],"collection":[{"href":"https:\/\/www.edition-rugerup.de\/index.php?rest_route=\/wp\/v2\/product"}],"about":[{"href":"https:\/\/www.edition-rugerup.de\/index.php?rest_route=\/wp\/v2\/types\/product"}],"replies":[{"embeddable":true,"href":"https:\/\/www.edition-rugerup.de\/index.php?rest_route=%2Fwp%2Fv2%2Fcomments&post=261"}],"wp:featuredmedia":[{"embeddable":true,"href":"https:\/\/www.edition-rugerup.de\/index.php?rest_route=\/wp\/v2\/media\/304"}],"wp:attachment":[{"href":"https:\/\/www.edition-rugerup.de\/index.php?rest_route=%2Fwp%2Fv2%2Fmedia&parent=261"}],"wp:term":[{"taxonomy":"product_brand","embeddable":true,"href":"https:\/\/www.edition-rugerup.de\/index.php?rest_route=%2Fwp%2Fv2%2Fproduct_brand&post=261"},{"taxonomy":"product_cat","embeddable":true,"href":"https:\/\/www.edition-rugerup.de\/index.php?rest_route=%2Fwp%2Fv2%2Fproduct_cat&post=261"},{"taxonomy":"product_tag","embeddable":true,"href":"https:\/\/www.edition-rugerup.de\/index.php?rest_route=%2Fwp%2Fv2%2Fproduct_tag&post=261"}],"curies":[{"name":"wp","href":"https:\/\/api.w.org\/{rel}","templated":true}]}}