{"id":237,"date":"2013-09-02T13:11:50","date_gmt":"2013-09-02T11:11:50","guid":{"rendered":"http:\/\/www.edition-rugerup.de\/?post_type=product&#038;p=237"},"modified":"2016-02-01T08:49:48","modified_gmt":"2016-02-01T07:49:48","slug":"schlusselbund","status":"publish","type":"product","link":"https:\/\/www.edition-rugerup.de\/?product=schlusselbund","title":{"rendered":"Schl\u00fcsselbund"},"content":{"rendered":"<p style=\"text-align: justify;\">&#8222;Sabine Lange schildert auf origin\u00e4re Weise, was das DDR &#8211; Regime als Zersetzung f\u00fcrchtet. Nicht als ideologische Floskel, sondern als realen Vorgang des Bewusstwerdens von Denkalternativen&#8220;, Detlef Stapf, Nordkurier.<\/p>\n<p style=\"text-align: justify;\">An einem stillen mecklenburgischen See arbeitet die Archivarin des Fallada-Archivs mit den Manuskripten, Briefen und Dokumenten Hans Falladas. Sie ist immer wieder froh \u00fcber diese friedliche Nische in der DDR, liebt ihre Stelle und den Dichter, dessen Werk sie ordnet und betreut. Doch ein Student aus Amerika, der dort \u00fcber Fallada recherchiert, bringt ihre Welt durcheinander. Dieser Archivnutzer, der SED-Bonzen &#8222;riechen&#8220; und sich ungeniert laut \u00e4rgern kann, mischt die angestrengte Ruhe des DDR-Kulturalltags immer wieder gr\u00fcndlich auf. Die Archivarin ger\u00e4t in Konflikte, ihre Idylle erweist sich als tr\u00fcgerisch. Und am Ende steht der Verrat: des Archivnutzers, der Stasi, der neuen Freiheit und zuletzt der westdeutschen Justiz. In diesem stark autobiographischen Roman erf\u00e4hrt man die DDR, die Wende und das Nachklingen dieser Zeit aus subjektiver Sicht, auch magische Elemente beleuchten das Erleben der Erz\u00e4hlerin. Ein strahlender Beitrag zu den heutigen Debatten \u00fcber die Aufarbeitung einer noch nicht historischen Periode.<\/p>\n","protected":false},"excerpt":{"rendered":"<p id=\"price-and-shipping-details\">inkl. MwSt., zzgl. Versandkosten (Inland-Versandkosten = 0,00 \u20ac)<\/p>\n<p id=\"price-and-shipping-details\">Lieferzeit: 3-5 Werktage<\/p>\n<p>Sabine Lange<\/p>\n<p>Roman<\/p>\n<p>200 Seiten<br \/>\nTaschenbuch<\/p>\n","protected":false},"featured_media":238,"comment_status":"closed","ping_status":"closed","template":"","meta":[],"product_brand":[],"product_cat":[334,35],"product_tag":[],"class_list":{"0":"post-237","1":"product","2":"type-product","3":"status-publish","4":"has-post-thumbnail","6":"product_cat-prosa","7":"product_cat-romane-prosa","8":"pa_autor-lange-sabine","9":"pa_autorin-sabine-lange-wurde-1953-in-stralsund-geboren-nach-einem-paedagogik-studium-in-greifswald-studierte-sie-musik-in-rostock-gefolgt-von-literatur-in-leipzig-1983-wurde-sie-als-archivarin-im-hans-fallad","10":"pa_erscheinungsjahr-40","11":"pa_isbn-978-3-942955-29-4","13":"first","14":"instock","15":"shipping-taxable","16":"purchasable","17":"product-type-simple"},"_links":{"self":[{"href":"https:\/\/www.edition-rugerup.de\/index.php?rest_route=\/wp\/v2\/product\/237","targetHints":{"allow":["GET"]}}],"collection":[{"href":"https:\/\/www.edition-rugerup.de\/index.php?rest_route=\/wp\/v2\/product"}],"about":[{"href":"https:\/\/www.edition-rugerup.de\/index.php?rest_route=\/wp\/v2\/types\/product"}],"replies":[{"embeddable":true,"href":"https:\/\/www.edition-rugerup.de\/index.php?rest_route=%2Fwp%2Fv2%2Fcomments&post=237"}],"wp:featuredmedia":[{"embeddable":true,"href":"https:\/\/www.edition-rugerup.de\/index.php?rest_route=\/wp\/v2\/media\/238"}],"wp:attachment":[{"href":"https:\/\/www.edition-rugerup.de\/index.php?rest_route=%2Fwp%2Fv2%2Fmedia&parent=237"}],"wp:term":[{"taxonomy":"product_brand","embeddable":true,"href":"https:\/\/www.edition-rugerup.de\/index.php?rest_route=%2Fwp%2Fv2%2Fproduct_brand&post=237"},{"taxonomy":"product_cat","embeddable":true,"href":"https:\/\/www.edition-rugerup.de\/index.php?rest_route=%2Fwp%2Fv2%2Fproduct_cat&post=237"},{"taxonomy":"product_tag","embeddable":true,"href":"https:\/\/www.edition-rugerup.de\/index.php?rest_route=%2Fwp%2Fv2%2Fproduct_tag&post=237"}],"curies":[{"name":"wp","href":"https:\/\/api.w.org\/{rel}","templated":true}]}}

Schlüsselbund

<p style="text-align: justify;">&#8222;Sabine Lange schildert auf originäre Weise, was das DDR &#8211; Regime als Zersetzung fürchtet. Nicht als ideologische Floskel, sondern als realen Vorgang des Bewusstwerdens von Denkalternativen&#8220;, Detlef Stapf, Nordkurier.</p>
<p style="text-align: justify;">An einem stillen mecklenburgischen See arbeitet die Archivarin des Fallada-Archivs mit den Manuskripten, Briefen und Dokumenten Hans Falladas. Sie ist immer wieder froh über diese friedliche Nische in der DDR, liebt ihre Stelle und den Dichter, dessen Werk sie ordnet und betreut. Doch ein Student aus Amerika, der dort über Fallada recherchiert, bringt ihre Welt durcheinander. Dieser Archivnutzer, der SED-Bonzen &#8222;riechen&#8220; und sich ungeniert laut ärgern kann, mischt die angestrengte Ruhe des DDR-Kulturalltags immer wieder gründlich auf. Die Archivarin gerät in Konflikte, ihre Idylle erweist sich als trügerisch. Und am Ende steht der Verrat: des Archivnutzers, der Stasi, der neuen Freiheit und zuletzt der westdeutschen Justiz. In diesem stark autobiographischen Roman erfährt man die DDR, die Wende und das Nachklingen dieser Zeit aus subjektiver Sicht, auch magische Elemente beleuchten das Erleben der Erzählerin. Ein strahlender Beitrag zu den heutigen Debatten über die Aufarbeitung einer noch nicht historischen Periode.</p>
