{"id":217,"date":"2013-09-02T12:09:48","date_gmt":"2013-09-02T10:09:48","guid":{"rendered":"http:\/\/www.edition-rugerup.de\/?post_type=product&#038;p=217"},"modified":"2016-01-27T22:44:37","modified_gmt":"2016-01-27T21:44:37","slug":"grenzflug","status":"publish","type":"product","link":"https:\/\/www.edition-rugerup.de\/?product=grenzflug","title":{"rendered":"Grenzflug"},"content":{"rendered":"<p style=\"text-align: justify;\">&#8222;Fulton is a wonderful and original poet who is one of the best writing in English today&#8220;, Richard Price.<\/p>\n<p style=\"text-align: justify;\">&#8222;&#8230; deine eigenen Gedichte. Sie fliegen wie magische V\u00f6gel durch meinen Kopf \u2013 der eine Fl\u00fcgel geh\u00f6rt dieser Welt, der andere existiert in einer anderen, unergr\u00fcndlichen Welt. Deshalb sind sie so r\u00e4tselhaft, so lockend.&#8220; Mit diesem Bild beschreibt der schwedische Dichter Lennart Sj\u00f6gren die Lyrik seines schottischen Kollegen Robin Fulton. Mit ein paar Worten, ein paar Bildern werden Meditationen geschaffen, die uns in unser subjektives Sein und zugleich hinaus in die Welt f\u00fchren. Hier ist ein Lyrikband, in den man verschwinden kann.<\/p>\n","protected":false},"excerpt":{"rendered":"<p id=\"price-and-shipping-details\">inkl. MwSt., zzgl. Versandkosten (Inland-Versandkosten = 0,00 \u20ac)<\/p>\n<p id=\"price-and-shipping-details\">Lieferzeit: 3-5 Werktage<\/p>\n<p>Fulton, Robin<\/p>\n<p>Ausgew\u00e4hlte Gedichte<br \/>\nZweisprachig<br \/>\nAus dem Englischen von Margitt Lehbert<\/p>\n<p>144 Seiten<br \/>\nEnglische Klappenbroschur<\/p>\n","protected":false},"featured_media":218,"comment_status":"closed","ping_status":"closed","template":"","meta":[],"product_brand":[],"product_cat":[54,332,72],"product_tag":[],"class_list":{"0":"post-217","1":"product","2":"type-product","3":"status-publish","4":"has-post-thumbnail","6":"product_cat-angelsachsische-lyrik","7":"product_cat-lyrik","8":"product_cat-schottische-lyrik","9":"pa_autor-fulton-robin","10":"pa_autorin-robin-fulton-wurde-1937-auf-arran-einer-insel-im-suedwesten-schottlands-geboren-die-familie-des-vaters-stammte-vom-grenzgebiet-zwischen-england-und-schottland-und-aus-edinburgh-die-der-mutter-aus","11":"pa_erscheinungsjahr-158","12":"pa_isbn-978-3-942955-22-5","13":"pa_uebersetzer-lehbert-margitt","15":"first","16":"instock","17":"shipping-taxable","18":"purchasable","19":"product-type-simple"},"_links":{"self":[{"href":"https:\/\/www.edition-rugerup.de\/index.php?rest_route=\/wp\/v2\/product\/217","targetHints":{"allow":["GET"]}}],"collection":[{"href":"https:\/\/www.edition-rugerup.de\/index.php?rest_route=\/wp\/v2\/product"}],"about":[{"href":"https:\/\/www.edition-rugerup.de\/index.php?rest_route=\/wp\/v2\/types\/product"}],"replies":[{"embeddable":true,"href":"https:\/\/www.edition-rugerup.de\/index.php?rest_route=%2Fwp%2Fv2%2Fcomments&post=217"}],"wp:featuredmedia":[{"embeddable":true,"href":"https:\/\/www.edition-rugerup.de\/index.php?rest_route=\/wp\/v2\/media\/218"}],"wp:attachment":[{"href":"https:\/\/www.edition-rugerup.de\/index.php?rest_route=%2Fwp%2Fv2%2Fmedia&parent=217"}],"wp:term":[{"taxonomy":"product_brand","embeddable":true,"href":"https:\/\/www.edition-rugerup.de\/index.php?rest_route=%2Fwp%2Fv2%2Fproduct_brand&post=217"},{"taxonomy":"product_cat","embeddable":true,"href":"https:\/\/www.edition-rugerup.de\/index.php?rest_route=%2Fwp%2Fv2%2Fproduct_cat&post=217"},{"taxonomy":"product_tag","embeddable":true,"href":"https:\/\/www.edition-rugerup.de\/index.php?rest_route=%2Fwp%2Fv2%2Fproduct_tag&post=217"}],"curies":[{"name":"wp","href":"https:\/\/api.w.org\/{rel}","templated":true}]}}