{"id":2099,"date":"2026-03-17T04:34:46","date_gmt":"2026-03-17T03:34:46","guid":{"rendered":"https:\/\/www.edition-rugerup.de\/?post_type=product&#038;p=2099"},"modified":"2026-03-29T12:33:24","modified_gmt":"2026-03-29T10:33:24","slug":"wie-ein-fahrrad-im-gegenlicht","status":"publish","type":"product","link":"https:\/\/www.edition-rugerup.de\/?product=wie-ein-fahrrad-im-gegenlicht","title":{"rendered":"Wie ein Fahrrad im Gegenlicht"},"content":{"rendered":"<p>Vorgestern und morgen, mit Fischen<\/p>\n<p>Zeit<br \/>\nist unser Name f\u00fcr jene,<br \/>\ndie vor langem \u00fcber nassen Zement<br \/>\ngegangen sind<br \/>\nund uns folglich nie verlassen<br \/>\nin der Gegenwart.<\/p>\n<p>Schwer<br \/>\nzu fassen,<br \/>\nzu umarmen noch schwerer.<\/p>\n<p>Wind fl\u00fcstert durch die Spelzen<br \/>\nwie Erinnerungen<br \/>\naus Pixeln.<br \/>\nEr ruft Auferstehung hervor<br \/>\nwie ein Name sein Bild,<br \/>\nein ganzes Dorf taucht auf<br \/>\nin einem Aquarell<br \/>\n\u2013 das Schleppnetz wird eingezogen \u2013<br \/>\naus w\u00e4sserigen Tiefen.<\/p>\n<p>Eine CD wird aufgenommen,<br \/>\ngraviert<br \/>\nam Grund eines Sees,<br \/>\ndie konzentrischen Kreise<br \/>\nvon Strudeln<\/p>\n<p>singen<br \/>\nin meinem Fingerabdruck.<\/p>\n<p>Charl-Pierre Naud\u00e9 (*1958) in Kokstad, S\u00fcdafrika, ist Dichter, Prosaautor und Essayist und lebt in Johannesburg, S\u00fcdafrika. Er hat drei Gedichtb\u00e4nde in Afrikaans und einen in englischer Sprache ver\u00f6ffentlicht, ein zweiter englischer Band ist in Arbeit. In seinem Heimatland wurde er mit mehreren Preisen f\u00fcr Lyrik ausgezeichnet. Eine Mischung aus Bildern und Ideen, von pers\u00f6nlichen und gesellschaftlichen Dimensionen verleiht seiner Lyrik eine innere Spannung. Obwohl S\u00fcdafrika stark politisch gepr\u00e4gt ist, bezieht sich seine Lyrik meist nur indirekt oder verschleiert auf diese Realit\u00e4t. Seine Gedichte erforschen Welten, die er sich vorstellt, Welten, in denen unsere Realit\u00e4t auf die poetische Fantasie des Dichters st\u00f6\u00dft. Daraus entsteht das Feuerwerk in diesem Band.<\/p>\n","protected":false},"excerpt":{"rendered":"<p id=\"price-and-shipping-details\">inkl. MwSt., zzgl. Versandkosten (Inland-Versandkosten = 0,00 \u20ac)<\/p>\n<p id=\"price-and-shipping-details\">Erscheint September 2026. Vorbestellungen sind m\u00f6glich.<\/p>\n<p>Gedichte. Franz. Klappenbroschur. Aus dem Afrikaans von Sylvia Geist.<\/p>\n","protected":false},"featured_media":2100,"comment_status":"closed","ping_status":"closed","template":"","meta":[],"product_brand":[],"product_cat":[169,14,512,513],"product_tag":[],"class_list":{"0":"post-2099","1":"product","2":"type-product","3":"status-publish","4":"has-post-thumbnail","6":"product_cat-in-vorbereitung","7":"product_cat-internationale-lyrik","8":"product_cat-lyrik-aus-afrika","9":"product_cat-lyrik-aus-suedafrika","10":"pa_autor-naude-charl-pierre","11":"pa_erscheinungsjahr-501","12":"pa_isbn-978-3-942955-97-3","13":"pa_seiten-510","14":"pa_uebersetzer-geist-silvia","16":"first","17":"instock","18":"shipping-taxable","19":"purchasable","20":"product-type-simple"},"_links":{"self":[{"href":"https:\/\/www.edition-rugerup.de\/index.php?rest_route=\/wp\/v2\/product\/2099","targetHints":{"allow":["GET"]}}],"collection":[{"href":"https:\/\/www.edition-rugerup.de\/index.php?rest_route=\/wp\/v2\/product"}],"about":[{"href":"https:\/\/www.edition-rugerup.de\/index.php?rest_route=\/wp\/v2\/types\/product"}],"replies":[{"embeddable":true,"href":"https:\/\/www.edition-rugerup.de\/index.php?rest_route=%2Fwp%2Fv2%2Fcomments&post=2099"}],"wp:featuredmedia":[{"embeddable":true,"href":"https:\/\/www.edition-rugerup.de\/index.php?rest_route=\/wp\/v2\/media\/2100"}],"wp:attachment":[{"href":"https:\/\/www.edition-rugerup.de\/index.php?rest_route=%2Fwp%2Fv2%2Fmedia&parent=2099"}],"wp:term":[{"taxonomy":"product_brand","embeddable":true,"href":"https:\/\/www.edition-rugerup.de\/index.php?rest_route=%2Fwp%2Fv2%2Fproduct_brand&post=2099"},{"taxonomy":"product_cat","embeddable":true,"href":"https:\/\/www.edition-rugerup.de\/index.php?rest_route=%2Fwp%2Fv2%2Fproduct_cat&post=2099"},{"taxonomy":"product_tag","embeddable":true,"href":"https:\/\/www.edition-rugerup.de\/index.php?rest_route=%2Fwp%2Fv2%2Fproduct_tag&post=2099"}],"curies":[{"name":"wp","href":"https:\/\/api.w.org\/{rel}","templated":true}]}}