{"id":2093,"date":"2026-03-13T03:28:00","date_gmt":"2026-03-13T02:28:00","guid":{"rendered":"https:\/\/www.edition-rugerup.de\/?post_type=product&#038;p=2093"},"modified":"2026-03-13T03:50:21","modified_gmt":"2026-03-13T02:50:21","slug":"falkenfrau","status":"publish","type":"product","link":"https:\/\/www.edition-rugerup.de\/?product=falkenfrau","title":{"rendered":"Falkenfrau"},"content":{"rendered":"<p>Probe: <\/p>\n<p>Schreibst schon lang an einem Gedicht,<br \/>\ndas f\u00e4hig w\u00e4r, noch einzufangen,<br \/>\nwas sich gegenseitig ber\u00fchrte,<br \/>\nso lautlos und blau,<br \/>\nwie in der Tiefe am Fu\u00df des Berges.<br \/>\nDoch derweil stellst du fest,<br \/>\ndass es keine Synonyme gibt f\u00fcr das,<br \/>\nwas geschieht,<br \/>\nund jede Metapher gleicht abgeplatztem Lack.<br \/>\nWas du h\u00f6rst, reizt dich zum Husten.<br \/>\nUnd du notierst dir ein paar Takte.<br \/>\nEs reicht hinter das Sein, \u00e4hnlich einer Infusion.<br \/>\nEs saugt sich fast sofort fest.<br \/>\nPl\u00f6tzlich dringt eine Oboe durch die Wand der Kontrab\u00e4sse,<br \/>\nals ber\u00fchrtest du das Unber\u00fchrbare.<br \/>\nUnd nirgends Worte \u2013 \u2013 \u2013<br \/>\nBlind und fern<br \/>\nf\u00fcr das, was sprie\u00dft, was erstickt,<br \/>\nziemlich f\u00fcr alles.<\/p>\n<p>Die Dichterin und Musikerin Kl\u00e1ra Goldstein, geboren 1988 in Vala\u0161sk\u00e9 Mezi\u0159\u00ed\u010d\u00ed in der M\u00e4hrischen Walachei, absolvierte ein Musikstudium und promoviert zur Zeit an der Hochschule der K\u00fcnste in Krom\u011b\u0159\u00ed\u017e. Sie ver\u00f6ffentlichte bislang f\u00fcnf Lyrikb\u00e4nde, die gro\u00dfe Aufmerksamkeit erhielten und mit mehreren Preisen gew\u00fcrdigt wurden. Bekannt ist sie auch f\u00fcr ihre Essays und Kritiken. <\/p>\n<p><em>Musik erklingt in der zarten Neigung von Seele zu Seele, durchzieht geschichtliche Umbr\u00fcche, zeugt von Weite, die sich hinter jedem Gef\u00fchl, jeder Bewegung, jeder Ber\u00fchrung und jedem Duft \u00f6ffnet. Es geht nicht nur um die Sinne, sondern auch um die Seele. Schon im Augenblick ihrer Entstehung \u00fcbersteigt sie bei weitem den menschlichen Verstand, breitet sich frei aus und wird zum Zeichen der Ewigkeit.<\/em> (Tereza \u0160ustkov\u00e1)<\/p>\n","protected":false},"excerpt":{"rendered":"<p id=\"price-and-shipping-details\">inkl. MwSt., zzgl. Versandkosten (Inland-Versandkosten = 0,00 \u20ac)<\/p>\n<p id=\"price-and-shipping-details\">Erscheint: 05.04.26 (Vorbestellungen sind m\u00f6glich)<\/p>\n<p>Gedichte. Aus dem Tschechischen von Patrik Valouch und Klaus Anders.<\/p>\n","protected":false},"featured_media":2094,"comment_status":"closed","ping_status":"closed","template":"","meta":[],"product_brand":[],"product_cat":[14,332,504],"product_tag":[],"class_list":{"0":"post-2093","1":"product","2":"type-product","3":"status-publish","4":"has-post-thumbnail","6":"product_cat-internationale-lyrik","7":"product_cat-lyrik","8":"product_cat-tschechische-lyrik","9":"pa_autor-goldstein-klara","10":"pa_erscheinungsjahr-501","11":"pa_isbn-978-3-942955-96-6","12":"pa_seiten-502","13":"pa_uebersetzer-anders-klaus","14":"pa_uebersetzer-valouch-patrik","16":"first","17":"instock","18":"shipping-taxable","19":"purchasable","20":"product-type-simple"},"_links":{"self":[{"href":"https:\/\/www.edition-rugerup.de\/index.php?rest_route=\/wp\/v2\/product\/2093","targetHints":{"allow":["GET"]}}],"collection":[{"href":"https:\/\/www.edition-rugerup.de\/index.php?rest_route=\/wp\/v2\/product"}],"about":[{"href":"https:\/\/www.edition-rugerup.de\/index.php?rest_route=\/wp\/v2\/types\/product"}],"replies":[{"embeddable":true,"href":"https:\/\/www.edition-rugerup.de\/index.php?rest_route=%2Fwp%2Fv2%2Fcomments&post=2093"}],"wp:featuredmedia":[{"embeddable":true,"href":"https:\/\/www.edition-rugerup.de\/index.php?rest_route=\/wp\/v2\/media\/2094"}],"wp:attachment":[{"href":"https:\/\/www.edition-rugerup.de\/index.php?rest_route=%2Fwp%2Fv2%2Fmedia&parent=2093"}],"wp:term":[{"taxonomy":"product_brand","embeddable":true,"href":"https:\/\/www.edition-rugerup.de\/index.php?rest_route=%2Fwp%2Fv2%2Fproduct_brand&post=2093"},{"taxonomy":"product_cat","embeddable":true,"href":"https:\/\/www.edition-rugerup.de\/index.php?rest_route=%2Fwp%2Fv2%2Fproduct_cat&post=2093"},{"taxonomy":"product_tag","embeddable":true,"href":"https:\/\/www.edition-rugerup.de\/index.php?rest_route=%2Fwp%2Fv2%2Fproduct_tag&post=2093"}],"curies":[{"name":"wp","href":"https:\/\/api.w.org\/{rel}","templated":true}]}}