{"id":2021,"date":"2025-02-28T13:04:49","date_gmt":"2025-02-28T12:04:49","guid":{"rendered":"https:\/\/www.edition-rugerup.de\/?post_type=product&#038;p=2021"},"modified":"2025-04-26T19:18:12","modified_gmt":"2025-04-26T17:18:12","slug":"orgelsee","status":"publish","type":"product","link":"https:\/\/www.edition-rugerup.de\/?product=orgelsee","title":{"rendered":"Orgelsee"},"content":{"rendered":"<p>Gilt nicht die Orgel als Instrument, das alle anderen umfasst und zu imitieren vermag? In seinen Gedichten weitet sie der norwegische Lyriker \u00d8yvind Rimbereid zum poetischen Bild aus, wird die Orgel zum Klangk\u00f6rper f\u00fcr die ganze Welt: Mal Vermittlerin des Trostes, mal Medium der Zerst\u00f6rung, mal steht sie f\u00fcr eine aufgegebene Industrie, mal f\u00fcr den Siegeszug des Kolonialismus.<\/p>\n<p>Man k\u00f6nnte \u00bbOrgelsee\u00ab ein Konzeptalbum nennen: In teils weit ausgreifenden Gedichten klingen philosophische Ideen nach und hallt die weltumspannende Kommunikation technischer Apparaturen wider. Doch zugleich bleibt die Orgel, was sie ist: eine Quelle der Musik, elektrisch wummernd auf der B\u00fchne einer Rockband oder wenn in einer Kirche leise Bach gespielt wird.<\/p>\n<p>\u00d8yvind Rimbereid wurde 1966 in Stavanger an der norwegischen Westk\u00fcste geboren. Heute lebt er als Dichter und Lehrer in Bergen, wo er am Institut f\u00fcr Kreatives Schreiben unterrichtet. Seit 1993 ver\u00f6ffentlichte er Kurzgeschichten, Lyrik, Essays und einen Roman. Er erhielt den Norwegischen Kritikerpreis f\u00fcr seinen Gedichtband \u00bbSolaris korrigert\u00ab und den renommierten Brage-Preis f\u00fcr \u00bbHerbarium\u00ab. Im November 2010 wurde Rimbereid mit dem N.C. Kaser-Preis in Lana, S\u00fcdtirol, ausgezeichnet.<\/p>\n<p>Aus dem Norwegischen von Klaus Anders und Thomas Fechner-Smarsly.<\/p>\n<p>Klaus Anders, geb. 1952, deb\u00fctierte 2003 mit dem Gedichtband <em>Mittag vor\u00fcber<\/em>. Es folgten weitere B\u00e4nde, zuletzt <em>S\u00e9ptimas<\/em> (Edition Rugerup) und <em>Nachtgesang einer Zitrone<\/em> (Ginster Press). Ebenfalls bei Edition Rugerup erschienen seine \u00dcbersetzungen norwegischer Dichter, u.a. Olav H. Hauge, \u00d8yvind Rimbereid und Kjartan Hatl\u00f8y.<\/p>\n<p>Thomas Fechner-Smarsly lebt in Bonn. Er unterrichtete skandinavische Literatur an den Universit\u00e4ten Greifswald, Krakow und Bonn. Als Kritiker hat er \u00fcber Kunst und Literatur f\u00fcr Tageszeitungen und Radio geschrieben sowie u.a. August Strindbergs Schriften zu Malerei, Photographie und Naturwissenschaften herausgegeben.<\/p>\n","protected":false},"excerpt":{"rendered":"<p id=\"price-and-shipping-details\">inkl. MwSt., zzgl. Versandkosten (Inland-Versandkosten = 0,00 \u20ac)<\/p>\n<p id=\"price-and-shipping-details\">Lieferzeit: 3-5 Werktage<\/p>\n<p>\u00d8yvind Rimbereid<\/p>\n<p>Lyrik<br \/>\n85 Seiten. Franz\u00f6sische Klappenbroschur. Aus dem Norwegischen von Klaus Anders und Thomas Fechner-Smarsly.<\/p>\n","protected":false},"featured_media":2022,"comment_status":"closed","ping_status":"closed","template":"","meta":[],"product_brand":[],"product_cat":[14,332,56,53],"product_tag":[],"class_list":{"0":"post-2021","1":"product","2":"type-product","3":"status-publish","4":"has-post-thumbnail","6":"product_cat-internationale-lyrik","7":"product_cat-lyrik","8":"product_cat-norwegische-lyrik","9":"product_cat-skandinavische-lyrik","10":"pa_autor-rimbereid-oyvind","11":"pa_erscheinungsjahr-487","12":"pa_isbn-978-3-942955-89-8","13":"pa_seiten-488","14":"pa_uebersetzer-anders-klaus","15":"pa_uebersetzer-fechner-smarsly-thomas","17":"first","18":"instock","19":"shipping-taxable","20":"purchasable","21":"product-type-simple"},"_links":{"self":[{"href":"https:\/\/www.edition-rugerup.de\/index.php?rest_route=\/wp\/v2\/product\/2021","targetHints":{"allow":["GET"]}}],"collection":[{"href":"https:\/\/www.edition-rugerup.de\/index.php?rest_route=\/wp\/v2\/product"}],"about":[{"href":"https:\/\/www.edition-rugerup.de\/index.php?rest_route=\/wp\/v2\/types\/product"}],"replies":[{"embeddable":true,"href":"https:\/\/www.edition-rugerup.de\/index.php?rest_route=%2Fwp%2Fv2%2Fcomments&post=2021"}],"wp:featuredmedia":[{"embeddable":true,"href":"https:\/\/www.edition-rugerup.de\/index.php?rest_route=\/wp\/v2\/media\/2022"}],"wp:attachment":[{"href":"https:\/\/www.edition-rugerup.de\/index.php?rest_route=%2Fwp%2Fv2%2Fmedia&parent=2021"}],"wp:term":[{"taxonomy":"product_brand","embeddable":true,"href":"https:\/\/www.edition-rugerup.de\/index.php?rest_route=%2Fwp%2Fv2%2Fproduct_brand&post=2021"},{"taxonomy":"product_cat","embeddable":true,"href":"https:\/\/www.edition-rugerup.de\/index.php?rest_route=%2Fwp%2Fv2%2Fproduct_cat&post=2021"},{"taxonomy":"product_tag","embeddable":true,"href":"https:\/\/www.edition-rugerup.de\/index.php?rest_route=%2Fwp%2Fv2%2Fproduct_tag&post=2021"}],"curies":[{"name":"wp","href":"https:\/\/api.w.org\/{rel}","templated":true}]}}