{"id":1782,"date":"2021-10-11T17:45:11","date_gmt":"2021-10-11T15:45:11","guid":{"rendered":"http:\/\/www.edition-rugerup.de\/?product=schnee-fiel-in-meinen-schlaf"},"modified":"2021-10-11T18:01:55","modified_gmt":"2021-10-11T16:01:55","slug":"schnee-fiel-in-meinen-schlaf","status":"publish","type":"product","link":"https:\/\/www.edition-rugerup.de\/?product=schnee-fiel-in-meinen-schlaf","title":{"rendered":"Schnee fiel in meinen Schlaf"},"content":{"rendered":"<p>Der Schriftsteller und Essayist Ulrich Schacht, der 2018 u\u0308berraschend im Alter von 67 Jahren gestorben ist, hat das Glu\u0308ck gehabt, aus dem Unglu\u0308ck seines Lebens erschu\u0308tternde und bleibende Bu\u0308cher machen zu ko\u0308nnen. \u2026 Er besa\u00df einen za\u0308hen U\u0308berlebenswillen, eine reizbare Empfindsamkeit und eine Leidenschaft fu\u0308r Poesie. Man findet sie in seinen Gedichten. Es sind wunderbare Hymnen auf die Landschaft Schwedens, wo er bis zuletzt lebte.<br \/>\nUlrich Greiner, Die Zeit<\/p>\n<p>Ulrich Schacht, 1951-2018, wuchs in der Hansestadt Wismar auf. Er studierte in Rostock und Erfurt evangelische Theologie und wurde 1973 aus politischen Gr\u00fcnden verhaftet und zu mehreren Jahren Haft verurteilt. 1976 in den Westen Deutschlands entlassen, lebte er bis 1998 in Hamburg. Dort studierte er Philosophie und Politikwissenschaften und arbeitete als Feuilletonredakteur und Chefreporter Kultur f\u00fcr \u00bbDie Welt\u00ab und \u00bbWelt am Sonntag\u00ab. Bis heute erschienen zahlreiche Gedicht-, Prosa- und Essayb\u00e4nde von ihm, auch Reiseb\u00fccher \u00fcber die F\u00e4r\u00f6er sowie die norwegische und russische Arktis. Seine Poesie wurde ins Englische \u00fcbersetzt, ins D\u00e4nische, Tschechische und Schwedische. Er erhielt den Theodor-Wolff-Preis f\u00fcr herausragenden Journalismus und mehrere Literaturpreise und -stipendien, darunter das Stipendium der Calwer Hermann-Hesse-Stiftung, den Eichendorff-Literaturpreis und den Preis der LiteraTour Nord. Seit 1998 lebte Ulrich Schacht in F\u00f6rsl\u00f6v, Schweden.<\/p>\n<p>Sebastian Kleinschmidt, geboren 1948, ist Herausgeber und Essayist, er leitete mehr als zwei Jahrzehnte lang die Zeitschrift \u00bbSinn und Form\u00ab.<\/p>\n<p>In diesem Band sind die Gedichte versammelt, die Ulrich Schacht vor seinem pl\u00f6tzlichen Tod geschrieben und f\u00fcr einen Gedichtband mit dem Titel &#8222;Schnee fiel in meinen Schlaf&#8220; gesammelt hatte. In diesen philosophischen, mit Hochachtung f\u00fcr die Sch\u00f6pfung durchdrungenen Gedichten scheint auch ein Abschied h\u00f6rbar.<\/p>\n","protected":false},"excerpt":{"rendered":"<p id=\"price-and-shipping-details\">inkl. MwSt., zzgl. Versandkosten (Inland-Versandkosten = 0,00 \u20ac)<\/p>\n<p id=\"price-and-shipping-details\">Lieferzeit: 3-5 Werktage<\/p>\n<p>Ulrich Schacht<\/p>\n<p>Gedichte<\/p>\n<p>96 Seiten. Mit einem Nachwort von Sebastian Kleinschmidt.<\/p>\n","protected":false},"featured_media":1783,"comment_status":"closed","ping_status":"closed","template":"","meta":[],"product_brand":[],"product_cat":[15,332],"product_tag":[],"class_list":{"0":"post-1782","1":"product","2":"type-product","3":"status-publish","4":"has-post-thumbnail","6":"product_cat-deutschsprachige-lyrik","7":"product_cat-lyrik","8":"pa_autor-schacht-ulrich","9":"pa_erscheinungsjahr-434","10":"pa_isbn-978-3-942955-85-0","12":"first","13":"instock","14":"shipping-taxable","15":"purchasable","16":"product-type-simple"},"_links":{"self":[{"href":"https:\/\/www.edition-rugerup.de\/index.php?rest_route=\/wp\/v2\/product\/1782","targetHints":{"allow":["GET"]}}],"collection":[{"href":"https:\/\/www.edition-rugerup.de\/index.php?rest_route=\/wp\/v2\/product"}],"about":[{"href":"https:\/\/www.edition-rugerup.de\/index.php?rest_route=\/wp\/v2\/types\/product"}],"replies":[{"embeddable":true,"href":"https:\/\/www.edition-rugerup.de\/index.php?rest_route=%2Fwp%2Fv2%2Fcomments&post=1782"}],"wp:featuredmedia":[{"embeddable":true,"href":"https:\/\/www.edition-rugerup.de\/index.php?rest_route=\/wp\/v2\/media\/1783"}],"wp:attachment":[{"href":"https:\/\/www.edition-rugerup.de\/index.php?rest_route=%2Fwp%2Fv2%2Fmedia&parent=1782"}],"wp:term":[{"taxonomy":"product_brand","embeddable":true,"href":"https:\/\/www.edition-rugerup.de\/index.php?rest_route=%2Fwp%2Fv2%2Fproduct_brand&post=1782"},{"taxonomy":"product_cat","embeddable":true,"href":"https:\/\/www.edition-rugerup.de\/index.php?rest_route=%2Fwp%2Fv2%2Fproduct_cat&post=1782"},{"taxonomy":"product_tag","embeddable":true,"href":"https:\/\/www.edition-rugerup.de\/index.php?rest_route=%2Fwp%2Fv2%2Fproduct_tag&post=1782"}],"curies":[{"name":"wp","href":"https:\/\/api.w.org\/{rel}","templated":true}]}}