{"id":1492,"date":"2018-10-05T22:30:54","date_gmt":"2018-10-05T20:30:54","guid":{"rendered":"http:\/\/www.edition-rugerup.de\/?post_type=product&#038;p=1492"},"modified":"2018-10-09T15:44:34","modified_gmt":"2018-10-09T13:44:34","slug":"die-tagebuecher-der-tannen","status":"publish","type":"product","link":"https:\/\/www.edition-rugerup.de\/?product=die-tagebuecher-der-tannen","title":{"rendered":"Die Tageb\u00fccher der Tannen"},"content":{"rendered":"<p>Mit <em>Die Tageb\u00fccher der Tannen<\/em> ver\u00f6ffentlicht Guy Helminger bereits seinen siebten Gedichtband. W\u00e4hrend die ersten lyrischen Publikationen vor allem um die Rekonstruktion von Wahrgenommenem im Gedicht handelten und dabei den Entstehungsprozess mitthematisierten, das Synapsen-Zapping abbildeten, hatte der 1963 in Esch-Alzette in Luxemburg geborene Schriftsteller sich in den Folgeb\u00e4nden im Sinne einer konzeptuellen Kontinuit\u00e4t bereits mit dem sprachlich-bildhaften Endresultat dieser Rekonstruktion in unserem Gehirn befasst. Nun geht er wieder einen Schritt weiter und thematisiert den poetischen Kern dieses Denkens, wagt sich auf ein Feld des Ahnens vor, auf dem die Sprachwerdung zugleich Suche nach dem Sein hinter der Natur ist. Die Bildhaftigkeit der Funde ist ein regelrechter Exzess. Eine Poesie von einer geradezu verwirrenden Haptik.<\/p>\n<p>Guy Helminger wurde 1963 in Esch\/Alzette geboren und lebt seit 1985 in K\u00f6ln. Er schreibt Gedichte, Romane, H\u00f6rspiele, Theater. Sein Schreiben wurde unter anderem mit dem Prix Servais, 3sat-Preis, Prix du m\u00e9rite culturel de la ville d\u2019Esch und dem Dresdner Lyrikpreis geehrt. In den letzten Jahren erschienen Gedichte, Theaterst\u00fccke, Stories und Romane.<\/p>\n<p>&nbsp;<\/p>\n<p><strong>Ein erk\u00e4lteter Morgen<\/strong><\/p>\n<p>schleppt sich \u00fcber den Holzsteg in<br \/>\nHarlingen rudert \u00fcbers Meer in der<\/p>\n<p>Hoffnung schon bald den Horizont<br \/>\nzu erreichen Die Schwarzkopfm\u00f6wen<\/p>\n<p>schneiden Segel an die Masten Wenn<br \/>\ndie Schiffe den Hafen verlassen wird<\/p>\n<p>der Himmel aus wenigen Stoffresten<br \/>\nbestehen und wir werden uns an den<\/p>\n<p>Angelruten festhalten und dort hinein<br \/>\nschauen wo die Toten ihrer Knochen<\/p>\n<p>beraubt sind Frage: Was w\u00fcrdest du<br \/>\nmitnehmen aus einem<\/p>\n<p>\u00fcberschwemmten Haus? Antwort:<br \/>\nDie \u00dcberschwemmung<\/p>\n<p>Aber mittlerweile sind wir reich genug<br \/>\nund haben die Austern angewiesen<\/p>\n<p>Pfennige statt Perlen zu produzieren<\/p>\n","protected":false},"excerpt":{"rendered":"<p id=\"price-and-shipping-details\">inkl. MwSt., zzgl. Versandkosten (Inland-Versandkosten = 0,00 \u20ac)<\/p>\n<p id=\"price-and-shipping-details\">Lieferzeit: 3-5 Werktage<\/p>\n<p>Guy Helminger<\/p>\n<p>Gedichte.<\/p>\n","protected":false},"featured_media":1493,"comment_status":"closed","ping_status":"closed","template":"","meta":[],"product_brand":[],"product_cat":[15,332],"product_tag":[],"class_list":{"0":"post-1492","1":"product","2":"type-product","3":"status-publish","4":"has-post-thumbnail","6":"product_cat-deutschsprachige-lyrik","7":"product_cat-lyrik","8":"pa_autor-helminger-guy","9":"pa_erscheinungsjahr-387","10":"pa_isbn-978-3-942955-77-5","11":"pa_seiten-68","13":"first","14":"instock","15":"shipping-taxable","16":"purchasable","17":"product-type-simple"},"_links":{"self":[{"href":"https:\/\/www.edition-rugerup.de\/index.php?rest_route=\/wp\/v2\/product\/1492","targetHints":{"allow":["GET"]}}],"collection":[{"href":"https:\/\/www.edition-rugerup.de\/index.php?rest_route=\/wp\/v2\/product"}],"about":[{"href":"https:\/\/www.edition-rugerup.de\/index.php?rest_route=\/wp\/v2\/types\/product"}],"replies":[{"embeddable":true,"href":"https:\/\/www.edition-rugerup.de\/index.php?rest_route=%2Fwp%2Fv2%2Fcomments&post=1492"}],"wp:featuredmedia":[{"embeddable":true,"href":"https:\/\/www.edition-rugerup.de\/index.php?rest_route=\/wp\/v2\/media\/1493"}],"wp:attachment":[{"href":"https:\/\/www.edition-rugerup.de\/index.php?rest_route=%2Fwp%2Fv2%2Fmedia&parent=1492"}],"wp:term":[{"taxonomy":"product_brand","embeddable":true,"href":"https:\/\/www.edition-rugerup.de\/index.php?rest_route=%2Fwp%2Fv2%2Fproduct_brand&post=1492"},{"taxonomy":"product_cat","embeddable":true,"href":"https:\/\/www.edition-rugerup.de\/index.php?rest_route=%2Fwp%2Fv2%2Fproduct_cat&post=1492"},{"taxonomy":"product_tag","embeddable":true,"href":"https:\/\/www.edition-rugerup.de\/index.php?rest_route=%2Fwp%2Fv2%2Fproduct_tag&post=1492"}],"curies":[{"name":"wp","href":"https:\/\/api.w.org\/{rel}","templated":true}]}}