{"id":1471,"date":"2018-06-15T22:45:30","date_gmt":"2018-06-15T20:45:30","guid":{"rendered":"http:\/\/www.edition-rugerup.de\/?product=seezeichen"},"modified":"2018-06-19T22:59:35","modified_gmt":"2018-06-19T20:59:35","slug":"seezeichen","status":"publish","type":"product","link":"https:\/\/www.edition-rugerup.de\/?product=seezeichen","title":{"rendered":"Seezeichen"},"content":{"rendered":"<p>\u201e\u201eDieser sprachm\u00e4chtige Lyriker ist ein unbestechlicher Beobachter des Gegenw\u00e4rtigen, aber auch ein Argonaut ohne Hafen, ein Emigrant zwischen den Kulturen\u201c, schrieb der Literaturwissenschaftler und Kritiker Walter Hinck zu den Gedichten von Holger Teschke. In der Tradition von Brecht und Bobrowski kreisen seine poetischen Texte um Landschaften und Geschichte, die das Leben ihres Autors gepr\u00e4gt haben: die Insel R\u00fcgen und der Ostseeraum, aber auch die K\u00fcsten von Nordsee und Atlantik in der Zeitspanne vom Mittelalter bis zur Gegenwart. \u201eHolger Teschkes Gedichte haben mich stark ber\u00fchrt\u201c, schrieb Elisabeth Mann Borgese im Jahr 2001. \u201eSie sind voller Ehrfurcht vor der Natur und dem Meer, das ich bei der Lekt\u00fcre h\u00f6ren und riechen konnte.\u201c<\/p>\n<p>&nbsp;<\/p>\n<p>Logbuch nach Chamisso<\/p>\n<p>Der Blick \u00fcber die See wie vor der K\u00fcste Alaskas<br \/>\nDu schwankes Bretterhaus wohin mit mir<br \/>\nWind in den Buchen der Stubnitz und Licht auf der D\u00fcnung<br \/>\nErinnerung an eine Reise von Europa ins Eismeer<br \/>\nUnter dem Kreuz des S\u00fcdens und fern des poetischen Krams<br \/>\nDas Jahrhundert durchmessen auf einer einzigen Seefahrt<br \/>\nZeitrosen in meinem Herbario Ein freies Spiel in den L\u00fcften<br \/>\nAuf dem Findling am Ufer die Nixe in Nebel und Gischt<br \/>\nVersunken ist die Welt der ich vertraut<br \/>\nUnd in den Segeln die Stille vorm Sturm<\/p>\n<p>&nbsp;<\/p>\n<p>Holger Teschke wurde 1958 auf R\u00fcgen geboren und fuhr nach dem Abitur als Maschinist zur See. Von 1981 bis 1985 studierte er in Berlin Schauspielregie und arbeitet seitdem als Regisseur und Dramaturg. Daneben unterrichtet er als Gastprofessor an Colleges und Universit\u00e4ten in den USA und Australien und als Dozent an der Hochschule f\u00fcr Schauspielkunst \u201eErnst Busch\u201c in Berlin. Er schreibt neben Theaterst\u00fccken und H\u00f6rspielen auch Reiseb\u00fccher und Funkessays. 1985 erschien sein Lyrikband \u201eB\u00e4ume am Hochufer\u201c, 1991 \u201eJasmunder Felder \/ Windschlucht Berlin\u201c, beide im Aufbau Verlag.<\/p>\n","protected":false},"excerpt":{"rendered":"<p id=\"price-and-shipping-details\">inkl. MwSt., zzgl. Versandkosten (Inland-Versandkosten = 0,00 \u20ac)<\/p>\n<p id=\"price-and-shipping-details\">Lieferzeit: 3-5 Werktage<\/p>\n<p>&nbsp;<\/p>\n<p>Gedichte. Franz. Broschur<\/p>\n<p>&nbsp;<\/p>\n","protected":false},"featured_media":1475,"comment_status":"closed","ping_status":"closed","template":"","meta":[],"product_brand":[],"product_cat":[15,332],"product_tag":[],"class_list":{"0":"post-1471","1":"product","2":"type-product","3":"status-publish","4":"has-post-thumbnail","6":"product_cat-deutschsprachige-lyrik","7":"product_cat-lyrik","8":"pa_autor-teschke-holger","9":"pa_erscheinungsjahr-387","10":"pa_isbn-978-3-942955-62-1","11":"pa_seiten-405","13":"first","14":"instock","15":"shipping-taxable","16":"purchasable","17":"product-type-simple"},"_links":{"self":[{"href":"https:\/\/www.edition-rugerup.de\/index.php?rest_route=\/wp\/v2\/product\/1471","targetHints":{"allow":["GET"]}}],"collection":[{"href":"https:\/\/www.edition-rugerup.de\/index.php?rest_route=\/wp\/v2\/product"}],"about":[{"href":"https:\/\/www.edition-rugerup.de\/index.php?rest_route=\/wp\/v2\/types\/product"}],"replies":[{"embeddable":true,"href":"https:\/\/www.edition-rugerup.de\/index.php?rest_route=%2Fwp%2Fv2%2Fcomments&post=1471"}],"wp:featuredmedia":[{"embeddable":true,"href":"https:\/\/www.edition-rugerup.de\/index.php?rest_route=\/wp\/v2\/media\/1475"}],"wp:attachment":[{"href":"https:\/\/www.edition-rugerup.de\/index.php?rest_route=%2Fwp%2Fv2%2Fmedia&parent=1471"}],"wp:term":[{"taxonomy":"product_brand","embeddable":true,"href":"https:\/\/www.edition-rugerup.de\/index.php?rest_route=%2Fwp%2Fv2%2Fproduct_brand&post=1471"},{"taxonomy":"product_cat","embeddable":true,"href":"https:\/\/www.edition-rugerup.de\/index.php?rest_route=%2Fwp%2Fv2%2Fproduct_cat&post=1471"},{"taxonomy":"product_tag","embeddable":true,"href":"https:\/\/www.edition-rugerup.de\/index.php?rest_route=%2Fwp%2Fv2%2Fproduct_tag&post=1471"}],"curies":[{"name":"wp","href":"https:\/\/api.w.org\/{rel}","templated":true}]}}